r?
False
Is 10058987 a composite number?
True
Is 8010197 a prime number?
False
Is 24239933 a prime number?
True
Is 69993607 composite?
True
Is 12476337 prime?
False
Is 160309 a composite number?
False
Is 620895202 composite?
True
Is 4303757 a composite number?
True
Is 189552449 prime?
True
Is 37992397 composite?
False
Is 4873313 composite?
True
Is 175129 prime?
True
Is 14906483 composite?
False
Is 49056061 composite?
False
Is 51160181 a prime number?
True
Is 5848377 a composite number?
True
Is 799436807 a prime number?
False
Is 76561 a composite number?
False
Is 5725241 a prime number?
True
Is 258314843 a prime number?
False
Is 32142833 composite?
True
Is 1184137217 prime?
True
Is 17312053 a prime number?
False
Is 713107 a composite number?
False
Is 17491319 a composite number?
False
Is 27729167 a prime number?
True
Is 127043 composite?
True
Is 2047879 prime?
True
Is 75510169 a prime number?
False
Is 126044363 prime?
False
Is 14440031 prime?
True
Is 6246671 a composite number?
False
Is 59211529 composite?
True
Is 33485671 prime?
False
Is 82475297 a prime number?
True
Is 15583381 a prime number?
False
Is 5093953 prime?
False
Is 425141209 a composite number?
True
Is 78747 prime?
False
Is 114735073 composite?
False
Is 10421947 a prime number?
True
Is 129648941 a composite number?
False
Is 202118863 a composite number?
True
Is 5934881 a composite number?
False
Is 4263697 a prime number?
True
Is 7192301 prime?
True
Is 113401 prime?
False
Is 498265397 a prime number?
False
Is 2165937 a composite number?
True
Is 5253439 a prime number?
False
Is 14122707 a composite number?
True
Is 2620831 composite?
True
Is 126811 composite?
True
Is 10231273 a prime number?
False
Is 137807089 a composite number?
True
Is 2789239 composite?
False
Is 22528267 composite?
True
Is 1788863 composite?
False
Is 10682561 prime?
True
Is 484843 a prime number?
False
Is 2679571 prime?
False
Is 446478343 a composite number?
False
Is 21161227 prime?
True
Is 214137533 a prime number?
False
Is 3415981 composite?
True
Is 17735843 prime?
True
Is 2661931 a composite number?
False
Is 35317654 composite?
True
Is 17948819 prime?
False
Is 4876969 a prime number?
True
Is 201359287 composite?
False
Is 191329 prime?
False
Is 72769 composite?
True
Is 7784411 composite?
True
Is 31731517 prime?
True
Is 234803299 a composite number?
False
Is 43231 a composite number?
True
Is 52661519 composite?
True
Is 201582637 a prime number?
True
Is 2657027 a composite number?
False
Is 120259021 composite?
True
Is 561521 composite?
False
Is 289151 a composite number?
False
Is 5321233 composite?
True
Is 379427969 composite?
True
Is 4765161 a prime number?
False
Is 9665827 a prime number?
True
Is 154523459 a composite number?
False
Is 11881621 prime?
False
Is 15148321 composite?
False
Is 1454881 prime?
False
Is 10930181 prime?
True
Is 4248721 prime?
False
Is 8861789 a composite number?
True
Is 73304339 a prime number?
False
Is 38341747 a composite number?
True
Is 12487427 composite?
True
Is 159144233 a prime number?
True
Is 2897569 a composite number?
True
Is 12524917 a composite number?
False
Is 107992851 prime?
False
Is 3282031 a prime number?
False
Is 11118797 a prime number?
True
Is 103957231 a composite number?
True
Is 6809833 composite?
False
Is 8774119 a prime number?
False
Is 158959 a composite number?
False
Is 2848009 composite?
False
Is 1555469 a prime number?
True
Is 9958087 composite?
False
Is 88089997 a prime number?
False
Is 199234103 a composite number?
False
Is 96573749 composite?
False
Is 58267 a prime number?
False
Is 100337 prime?
False
Is 48827585 prime?
False
Is 438911 composite?
True
Is 4121345 composite?
True
Is 140331721 composite?
False
Is 12020903 a prime number?
True
Is 689131 composite?
False
Is 516216551 a composite number?
False
Is 4732591 a composite number?
False
Is 38344883 a composite number?
False
Is 7561063 a prime number?
True
Is 8597773 a prime number?
False
Is 17468963 a prime number?
False
Is 2788739 a prime number?
False
Is 670759 a composite number?
True
Is 2050080821 composite?
True
Is 6054574 composite?
True
Is 10014754 composite?
True
Is 3667179 a prime number?
False
Is 16080791 prime?
False
Is 45703 a prime number?
False
Is 11525447 composite?
False
Is 179565557 composite?
True
Is 265753883 prime?
False
Is 16655957 a composite number?
True
Is 434979313 a prime number?
False
Is 61865 composite?
True
Is 27401159 prime?
False
Is 5486323 a prime number?
False
Is 7898399 prime?
False
Is 105181789 a prime number?
True
Is 48256049 a prime number?
True
Is 930701 a prime number?
False
Is 161008747 a composite number?
False
Is 3887623 a composite number?
False
Is 5266673 a prime number?
True
Is 72327973 composite?
False
Is 264397423 prime?
False
Is 193025507 composite?
False
Is 7049693 a composite number?
True
Is 937276097 a prime number?
False
Is 612439 a composite number?
False
Is 3104459 prime?
True
Is 315510241 prime?
True
Is 1010034217 composite?
False
Is 155866483 a composite number?
True
Is 282692653 a prime number?
True
Is 1681973 a prime number?
True
Is 236522597 a composite number?
False
Is 16619321 composite?
True
Is 1364963 prime?
True
Is 8406439 composite?
False
Is 4371971 prime?
False
Is 187574999 a composite number?
False
Is 76585111 prime?
False
Is 207703261 a composite number?
True
Is 100463551 a composite number?
True
Is 11633519 composite?
True
Is 1555829 a composite number?
True
Is 20567401 prime?
True
Is 195775141 composite?
True
Is 3050651 composite?
True
Is 6079903 prime?
True
Is 415163419 a composite number?
True
Is 8057639 a prime number?
True
Is 21082577 composite?
False
Is 2491949 a prime number?
True
Is 136316467 a prime number?
False
Is 124576061 a composite number?
True
Is 1330832569 composite?
True
Is 30942361 a composite number?
False
Is 21408677 a prime number?
False
Is 2755873 prime?
False
Is 392774861 a prime number?
False
Is 2695031 composite?
False
Is 715801 composite?
False
Is 10228013 composite?
True
Is 207502037 composite?
False
Is 61855946 composite?
True
Is 15403597 a prime number?
False
Is 2434427 a prime number?
False
Is 13895419 a composite number?
False
Is 36025867 a composite number?
False
Is 65737681 composite?
False
Is 343552343 a composite number?
False
Is 6008393 composite?
True
Is 13556183 composite?
False
Is 5333469 prime?
False
Is 32165215 a prime number?
False
Is 22544435 prime?
False
Is 13181797 prime?
False
Is 304775977 prime?
False
Is 6624641 a composite number?
False
Is 1803799 a composite number?
False
Is 19213003 prime?
True
Is 41196098 composite?
True
Is 183697 composite?
False
Is 852569867 prime?
False
Is 10351483 a prime number?
False
Is 5021503 prime?
True
Is 1274599 a composite number?
False
Is 756373 composite?
False
Is 27573097 composite?
True
Is 10125389 a prime number?
True
Is 2315699 a prime number?
True
Is 4501163 a prime number?
False
Is 567669 prime?
False
Is 7680613 a composite number?
False
Is 4705223 a prime number?
False
Is 17341763 prime?
True
Is 154571071 prime?
False
Is 2760502 prime?
False
Is 17496811 a prime number?
False
Is 133670737 composite?
False
Is 9705767 a composite number?
False
Is 447401 a composite number?
False
Is 18400013 a prime number?
True
Is 456083 a prime number?
False
Is 65887261 composite?
True
Is 6400397 a prime number?
False
Is 38567597 a composite number?
False
Is 8559949 a composite number?
False
Is 332479319 a prime number?
False
Is 2328199 prime?
False
Is 10620185 prime?
False
Is 3876965 composite?
True
Is 203109059 a prime number?
False
Is 3357463 a composite number?
True
Is 36760057 prime?
True
Is 296268377 composite?
False
Is 1279571 composite?
True
Is 1661962 composite?
True
Is 6256843 prime?
True
Is 200799943 a prime number?
True
Is 20849069 composite?
False
Is 761429 a composite number?
False
Is 19700177 a prime number?
False
Is 218222 a prime number?
False
Is 6451087 a prime number?
True
Is 8879581 prime?
True
Is 798773 a composite number?
False
Is 22413499 a composite number?
True
Is 948473 a composite number?
True
Is 160810521 prime?
False
Is 2413897 a prime number?
False
Is 40277963 prime?
False
Is 143668691 a prime number?
True
Is 65271683 composite?
True
Is 71905849 prime?
True
Is 172566641 prime?
False
Is 61788047 prime?
False
Is 15228869 prime?
True
Is